{"id":4,"date":"2019-02-07T19:22:40","date_gmt":"2019-02-07T19:22:40","guid":{"rendered":"http:\/\/wp.biodynamik-haering.de\/?page_id=4"},"modified":"2024-05-12T09:37:49","modified_gmt":"2024-05-12T09:37:49","slug":"wer-ich-bin","status":"publish","type":"page","link":"https:\/\/www.biodynamik-haering.de\/?page_id=4","title":{"rendered":"Wer ich bin"},"content":{"rendered":"\n<div class=\"wp-block-image\"><figure class=\"aligncenter\"><img loading=\"lazy\" width=\"340\" height=\"351\" src=\"http:\/\/www.biodynamik-haering.de\/wp-content\/uploads\/2019\/04\/H-11b-575x340.jpg\" alt=\"\" class=\"wp-image-118\" srcset=\"https:\/\/www.biodynamik-haering.de\/wp-content\/uploads\/2019\/04\/H-11b-575x340.jpg 340w, https:\/\/www.biodynamik-haering.de\/wp-content\/uploads\/2019\/04\/H-11b-575x340-291x300.jpg 291w\" sizes=\"(max-width: 340px) 100vw, 340px\" \/><\/figure><\/div>\n\n\n\n<p><strong>Regine H\u00e4ring<\/strong><\/p>\n\n\n\n<p>geboren 1963, verheiratet&nbsp;<\/p>\n\n\n\n<ul><li>Heilpraktikerin (Psychotherapie)<\/li><li>abgeschlossene 5j\u00e4hrige Ausbildung in Biodynamischer K\u00f6rperpsychotherapie an der Europ\u00e4ischen Schule f\u00fcr Biodynamische Psychologie e.V. L\u00fcbeck<\/li><li>Assistenz in einer biodynamischen Ausbildungsgruppe<\/li><li>Biorelease-Lehrerin f\u00fcr Massagen<\/li><li>Kursleiterin Selbstbewusstseinstraining f\u00fcr Frauen<\/li><li>2008 &#8211; 2015 Vorstandsmitglied des Berufsverbandes Biodynamische Psychologie\/ K\u00f6rperpsychotherapie GBP e.V<\/li><li>Mitglied im Netzwerk \u00dcbergangstherapie<\/li><\/ul>\n\n\n\n<p>Bereits in meinem ersten Berufsleben als Kreditsachbearbeiterin in einer gro\u00dfen Versicherung war mir der Kontakt zu Menschen wichtig. Seit mehr als 20 Jahren interessiert mich die menschliche Psyche und deren Auswirkung auf unser t\u00e4gliches Leben. Was mit einem Hobby begann entwickelte sich dann w\u00e4hrend meiner 5j\u00e4hrigen Ausbildung in Biodynamischer K\u00f6rperpsychotherapie zu meinem Berufswunsch. Ich legte deshalb 2004 die Pr\u00fcfung zur Heilpraktikerin Psychotherapie ab und arbeite seit 2005 in meiner eigenen Praxis. Seit 2022 begleitet mich dabei meine H\u00fcndin Lilu.<\/p>\n\n\n\n<p>Von Anfang an hat mich der Zusammenhang zwischen K\u00f6rper und Psyche fasziniert. Die K\u00f6rperpsychotherapie ist f\u00fcr mich deshalb essenziel, da ich K\u00f6rper, Geist und Seele als Einheit erlebe und f\u00fcr mich hier keine Trennung m\u00f6glich ist. Denn Gef\u00fchle sp\u00fcren wir im K\u00f6rper, wie z.B. die Wut im Bauch, die Angst im Nacken oder den Herzschmerz. Immer wieder begeistert mich, auch heute noch, die Arbeit mit dem K\u00f6rper und deren Auswirkungen auf die Seele aufs Neue.<\/p>\n","protected":false},"excerpt":{"rendered":"<p>Regine H\u00e4ring geboren 1963, verheiratet&nbsp; Heilpraktikerin (Psychotherapie) abgeschlossene 5j\u00e4hrige Ausbildung in Biodynamischer K\u00f6rperpsychotherapie an der Europ\u00e4ischen Schule f\u00fcr Biodynamische Psychologie e.V. L\u00fcbeck Assistenz in einer biodynamischen Ausbildungsgruppe Biorelease-Lehrerin f\u00fcr Massagen Kursleiterin Selbstbewusstseinstraining f\u00fcr Frauen 2008 &#8211; 2015 Vorstandsmitglied des Berufsverbandes Biodynamische Psychologie\/ K\u00f6rperpsychotherapie GBP e.V Mitglied im Netzwerk \u00dcbergangstherapie Bereits in meinem ersten Berufsleben als [&hellip;]<\/p>\n","protected":false},"author":1,"featured_media":0,"parent":0,"menu_order":0,"comment_status":"closed","ping_status":"closed","template":"","meta":[],"_links":{"self":[{"href":"https:\/\/www.biodynamik-haering.de\/index.php?rest_route=\/wp\/v2\/pages\/4"}],"collection":[{"href":"https:\/\/www.biodynamik-haering.de\/index.php?rest_route=\/wp\/v2\/pages"}],"about":[{"href":"https:\/\/www.biodynamik-haering.de\/index.php?rest_route=\/wp\/v2\/types\/page"}],"author":[{"embeddable":true,"href":"https:\/\/www.biodynamik-haering.de\/index.php?rest_route=\/wp\/v2\/users\/1"}],"replies":[{"embeddable":true,"href":"https:\/\/www.biodynamik-haering.de\/index.php?rest_route=%2Fwp%2Fv2%2Fcomments&post=4"}],"version-history":[{"count":4,"href":"https:\/\/www.biodynamik-haering.de\/index.php?rest_route=\/wp\/v2\/pages\/4\/revisions"}],"predecessor-version":[{"id":167,"href":"https:\/\/www.biodynamik-haering.de\/index.php?rest_route=\/wp\/v2\/pages\/4\/revisions\/167"}],"wp:attachment":[{"href":"https:\/\/www.biodynamik-haering.de\/index.php?rest_route=%2Fwp%2Fv2%2Fmedia&parent=4"}],"curies":[{"name":"wp","href":"https:\/\/api.w.org\/{rel}","templated":true}]}}