{"id":20,"date":"2019-02-07T21:08:39","date_gmt":"2019-02-07T21:08:39","guid":{"rendered":"http:\/\/wp.biodynamik-haering.de\/?page_id=20"},"modified":"2019-02-07T21:08:39","modified_gmt":"2019-02-07T21:08:39","slug":"kontakt","status":"publish","type":"page","link":"https:\/\/www.biodynamik-haering.de\/?page_id=20","title":{"rendered":"Kontakt"},"content":{"rendered":"\n<p>Regine H\u00e4ring<br>Praxis f\u00fcr K\u00f6rperpsychotherapie<br>(nach dem Heilpraktikergesetz)<br>Pr\u00e4lat-Triller-Str. 16a<br>92318 Neumarkt<\/p>\n\n\n\n<p>Tel.: 09181 \/ 40 52 84<br>Handy: 0171 \/ 3 53 24 26&nbsp;<br>Email: praxis-haering@web.de<\/p>\n\n\n\n<p><strong>Anfahrt:&nbsp;<\/strong><a href=\"http:\/\/maps.google.de\/maps?q=Pr%C3%A4lat-Triller-Str.+16a,+Neumarkt&amp;hl=de&amp;ie=UTF8&amp;sll=49.29581,11.45889&amp;sspn=0.007683,0.01929&amp;vpsrc=0&amp;t=h&amp;z=16\">Google Maps<\/a><\/p>\n\n\n\n<p><strong>Busanbindung:<\/strong>&nbsp;Stadtbus Neumarkt<br>Linie 562, Haltestelle: Heiligenwiesen<\/p>\n","protected":false},"excerpt":{"rendered":"<p>Regine H\u00e4ringPraxis f\u00fcr K\u00f6rperpsychotherapie(nach dem Heilpraktikergesetz)Pr\u00e4lat-Triller-Str. 16a92318 Neumarkt Tel.: 09181 \/ 40 52 84Handy: 0171 \/ 3 53 24 26&nbsp;Email: praxis-haering@web.de Anfahrt:&nbsp;Google Maps Busanbindung:&nbsp;Stadtbus NeumarktLinie 562, Haltestelle: Heiligenwiesen<\/p>\n","protected":false},"author":1,"featured_media":0,"parent":0,"menu_order":0,"comment_status":"closed","ping_status":"closed","template":"","meta":[],"_links":{"self":[{"href":"https:\/\/www.biodynamik-haering.de\/index.php?rest_route=\/wp\/v2\/pages\/20"}],"collection":[{"href":"https:\/\/www.biodynamik-haering.de\/index.php?rest_route=\/wp\/v2\/pages"}],"about":[{"href":"https:\/\/www.biodynamik-haering.de\/index.php?rest_route=\/wp\/v2\/types\/page"}],"author":[{"embeddable":true,"href":"https:\/\/www.biodynamik-haering.de\/index.php?rest_route=\/wp\/v2\/users\/1"}],"replies":[{"embeddable":true,"href":"https:\/\/www.biodynamik-haering.de\/index.php?rest_route=%2Fwp%2Fv2%2Fcomments&post=20"}],"version-history":[{"count":1,"href":"https:\/\/www.biodynamik-haering.de\/index.php?rest_route=\/wp\/v2\/pages\/20\/revisions"}],"predecessor-version":[{"id":21,"href":"https:\/\/www.biodynamik-haering.de\/index.php?rest_route=\/wp\/v2\/pages\/20\/revisions\/21"}],"wp:attachment":[{"href":"https:\/\/www.biodynamik-haering.de\/index.php?rest_route=%2Fwp%2Fv2%2Fmedia&parent=20"}],"curies":[{"name":"wp","href":"https:\/\/api.w.org\/{rel}","templated":true}]}}